 divided by 1387?
19
What is the remainder when 164765 is divided by 1423?
1120
Calculate the remainder when 3804813 is divided by 22.
1
What is the remainder when 189508 is divided by 94557?
394
Calculate the remainder when 96950 is divided by 96949.
1
Calculate the remainder when 458015024 is divided by 5095.
5094
What is the remainder when 38691870 is divided by 671?
668
Calculate the remainder when 30596 is divided by 90.
86
What is the remainder when 17162085 is divided by 141?
129
What is the remainder when 524877 is divided by 644?
17
What is the remainder when 1290268 is divided by 59?
56
What is the remainder when 4693898 is divided by 3360?
3338
What is the remainder when 2412874 is divided by 1655?
1539
What is the remainder when 13340 is divided by 136?
12
Calculate the remainder when 47133 is divided by 98.
93
What is the remainder when 1325024 is divided by 259?
239
Calculate the remainder when 5436954 is divided by 20592.
666
What is the remainder when 1725091 is divided by 263?
74
What is the remainder when 139838 is divided by 46214?
1196
Calculate the remainder when 54615 is divided by 2753.
2308
What is the remainder when 9522755 is divided by 33065?
35
Calculate the remainder when 53239526 is divided by 7541.
66
Calculate the remainder when 159335828 is divided by 2042767.
2
What is the remainder when 53930 is divided by 20?
10
What is the remainder when 9085922 is divided by 88208?
498
What is the remainder when 139675176 is divided by 481?
472
What is the remainder when 193009021 is divided by 104?
101
What is the remainder when 598331 is divided by 10813?
3616
Calculate the remainder when 7036088 is divided by 112.
24
What is the remainder when 15028720 is divided by 341560?
80
What is the remainder when 14078051 is divided by 4692665?
56
What is the remainder when 1044734 is divided by 1393?
1377
What is the remainder when 640978 is divided by 3744?
754
Calculate the remainder when 42958 is divided by 14159.
481
Calculate the remainder when 80118 is divided by 40006.
106
Calculate the remainder when 16065 is divided by 4763.
1776
What is the remainder when 409884 is divided by 136605?
69
Calculate the remainder when 103443 is divided by 1057.
914
Calculate the remainder when 1022486 is divided by 84.
38
Calculate the remainder when 1042311 is divided by 241.
227
What is the remainder when 122939205 is divided by 4801?
4799
What is the remainder when 14548516 is divided by 25479?
7
Calculate the remainder when 2265570 is divided by 7080.
7050
What is the remainder when 206477 is divided by 123?
83
Calculate the remainder when 474433 is divided by 6588.
97
Calculate the remainder when 2778938 is divided by 120822.
32
Calculate the remainder when 2189 is divided by 402.
179
Calculate the remainder when 122158 is divided by 1511.
1278
What is the remainder when 5905 is divided by 1423?
213
What is the remainder when 130255446 is divided by 11841404?
2
What is the remainder when 186150 is divided by 187?
85
What is the remainder when 544770 is divided by 303?
279
What is the remainder when 1881150 is divided by 16947?
33
Calculate the remainder when 111862 is divided by 4138.
136
What is the remainder when 1815873 is divided by 539?
521
Calculate the remainder when 4470757 is divided by 1179.
1168
Calculate the remainder when 453152 is divided by 759.
29
What is the remainder when 632256 is divided by 206501?
12753
What is the remainder when 152468 is divided by 3873?
1421
Calculate the remainder when 26421361 is divided by 1887239.
15
What is the remainder when 1381296 is divided by 115076?
384
Calculate the remainder when 79993 is divided by 5837.
4112
Calculate the remainder when 3815252 is divided by 1144.
12
Calculate the remainder when 3724549 is divided by 107.
93
Calculate the remainder when 2320707 is divided by 5045.
7
What is the remainder when 7692915 is divided by 92?
59
What is the remainder when 37361 is divided by 2688?
2417
Calculate the remainder when 1398 is divided by 36.
30
What is the remainder when 828968 is divided by 414414?
140
Calculate the remainder when 17535 is divided by 247.
245
Calculate the remainder when 43561378 is divided by 15.
13
Calculate the remainder when 14950 is divided by 7227.
496
What is the remainder when 5712081 is divided by 1142416?
1
What is the remainder when 32666 is divided by 157?
10
What is the remainder when 262696 is divided by 2476?
240
What is the remainder when 409834 is divided by 45519?
163
What is the remainder when 41238 is divided by 12878?
2604
What is the remainder when 211391 is divided by 1696?
1087
Calculate the remainder when 2276780 is divided by 284.
236
Calculate the remainder when 900694 is divided by 2649.
34
What is the remainder when 569958 is divided by 2280?
2238
What is the remainder when 88494 is divided by 8849?
4
Calculate the remainder when 22856039 is divided by 1797.
1793
Calculate the remainder when 17224856 is divided by 94.
14
Calculate the remainder when 65475 is divided by 7271.
36
Calculate the remainder when 1078545 is divided by 281.
67
What is the remainder when 21150222 is divided by 19?
11
Calculate the remainder when 1229334 is divided by 38.
34
What is the remainder when 52731 is divided by 2312?
1867
Calculate the remainder when 49775591 is divided by 50.
41
What is the remainder when 568627 is divided by 2516?
11
Calculate the remainder when 2522655 is divided by 32.
31
Calculate the remainder when 20348 is divided by 9916.
516
Calculate the remainder when 1158350 is divided by 189.
158
Calculate the remainder when 4022063 is divided by 212.
211
Calculate the remainder when 1969712 is divided by 1604.
0
Calculate the remainder when 86762 is divided by 3213.
11
What is the remainder when 2861073 is divided by 3?
0
Calculate the remainder when 267209 is divided by 3526.
2759
What is the remainder when 471154076 is divided by 7391?
7390
What is the remainder when 68930 is divided by 859?
210
What is the remainder when 897067 is divided by 457?
433
Calculate the remainder when 51905814 is divided by 2723.
2711
What is the remainder when 1648329 is divided by 28918?
3
What is the remainder when 5251620 is divided by 403970?
10
What is the remainder when 562700 is divided by 348?
332
What is the remainder when 60570477 is divided by 12?
9
What is the remainder when 22389 is divided by 1149?
558
What is the remainder when 13965762 is divided by 15?
12
Calculate the remainder when 196601 is divided by 2690.
231
Calculate the remainder when 1359650 is divided by 453112.
314
Calculate the remainder when 3503604 is divided by 428.
424
Calculate the remainder when 333883911 is divided by 42.
39
What is the remainder when 73351403 is divided by 92?
79
What is the remainder when 138670 is divided by 96?
46
Calculate the remainder when 26373 is divided by 2028.
9
Calculate the remainder when 1095993 is divided by 2110.
903
What is the remainder when 16567133 is divided by 66?
11
Calculate the remainder when 27816432 is divided by 220765.
42
Calculate the remainder when 10451916 is divided by 186640.
76
Calculate the remainder when 45122392 is divided by 22561195.
2
Calculate the remainder when 5578265 is divided by 2645.
2605
What is the remainder when 8276551 is divided by 143?
140
What is the remainder when 25895406 is divided by 74?
68
What is the remainder when 65057689 is divided by 157907?
5
What is the remainder when 196662 is divided by 246?
108
What is the remainder when 4476647 is divided by 248?
247
What is the remainder when 349121 is divided by 49864?
73
What is the remainder when 25318 is divided by 3435?
1273
Calculate the remainder when 7815883 is divided by 132.
31
Calculate the remainder when 346189821 is divided by 16.
13
What is the remainder when 1680922 is divided by 983?
975
Calculate the remainder when 2107741 is divided by 567.
202
Calculate the remainder when 290034 is divided by 215.
214
What is the remainder when 11779 is divided by 513?
493
Calculate the remainder when 9879717 is divided by 71.
67
What is the remainder when 1825162 is divided by 283?
95
What is the remainder when 37011574 is divided by 11?
6
Calculate the remainder when 1036526 is divided by 45.
41
What is the remainder when 15610 is div